{"id":10853,"date":"2026-03-11T08:36:05","date_gmt":"2026-03-11T08:36:05","guid":{"rendered":"https:\/\/jobs.arberlandkliniken.de\/?post_type=job_listing&#038;p=10853"},"modified":"2026-03-11T08:36:05","modified_gmt":"2026-03-11T08:36:05","slug":"mitarbeiter-m-w-d-fuer-den-zentralen-reinigungsdienst","status":"publish","type":"job_listing","link":"https:\/\/jobs.arberlandkliniken.de\/cs\/job\/mitarbeiter-m-w-d-fuer-den-zentralen-reinigungsdienst\/","title":{"rendered":"Zam\u011bstnanec (m\/\u017e\/d) pro centr\u00e1ln\u00ed \u00faklidovou slu\u017ebu"},"content":{"rendered":"<p>UDR\u017dET KOLO V CHODU.<\/p>\n<h4>Co si p\u0159ejeme:<\/h4>\n<ul>\n<li>Jste spolehliv\u00ed, r\u00e1di pracujete samostatn\u011b a sv\u00e9 \u00fakoly pln\u00edte spolehliv\u011b a pe\u010dliv\u011b.<\/li>\n<li>Jste orientov\u00e1ni na slu\u017eby a z\u00e1kazn\u00edky<\/li>\n<li>Jste otev\u0159eni pr\u00e1ci na sm\u011bny a o v\u00edkendech (od 6:00 do 17:30).<\/li>\n<\/ul>\n<h4>Co m\u016f\u017eete o\u010dek\u00e1vat na opl\u00e1tku:<\/h4>\n<ul>\n<li>N\u00e1bor prost\u0159ednictv\u00edm spole\u010dnosti Arberlandkliniken Service GmbH<\/li>\n<li>Dobr\u00fd plat - ro\u010dn\u00ed bonusy a bonusy za ned\u011bli a sv\u00e1tek NAV\u00cdC<\/li>\n<li>30 dn\u00ed dovolen\u00e9<\/li>\n<li>P\u0159\u00e1telsk\u00e1 pracovn\u00ed atmosf\u00e9ra ve velmi p\u0159\u00edjemn\u00e9m kolektivu<\/li>\n<li>Mezi va\u0161e ka\u017edodenn\u00ed \u00fakoly bude pat\u0159it \u00faklid a dezinfekce pokoj\u016f pacient\u016f a samostatn\u00e9 \u010di\u0161t\u011bn\u00ed pracovn\u00edho vybaven\u00ed.<\/li>\n<\/ul>\n<p align=\"LEFT\">V\u0161echny v\u00fdhody a benefity najdete zde <a href=\"https:\/\/jobs.arberlandkliniken.de\/\">https:\/\/jobs.arberlandkliniken.de\/<\/a><\/p>\n<p>Jste zv\u011bdav\u00ed? Pak se n\u00e1m ozv\u011bte, t\u011b\u0161\u00edme se na va\u0161i p\u0159ihl\u00e1\u0161ku!<\/p>\n<p><strong>Kontakt:<\/strong><\/p>\n<p>Centralizovan\u00e1 spr\u00e1va \u017eadatel\u016f<br \/>\nArberland Clinic Viechtach<br \/>\nKarl-Gareis-Str. 31<br \/>\n94234 Viechtach<br \/>\nTelefon: +49 9942 20-129<br \/>\ne-mail:\u00a0<a class=\"mail\" title=\"Otev\u0159e intern\u00ed odkaz v aktu\u00e1ln\u00edm okn\u011b\" href=\"https:\/\/www.arberlandkliniken.de\/beruf-karriere\/offene-stellen#\" data-mailto-vector=\"-2\" data-mailto-token=\"kygjrm8zcucpzsleclYypzcpjylbijglgicl,bc\">bewerbungen@arberlandkliniken.de<\/a><\/p>","protected":false},"author":8,"featured_media":0,"template":"","meta":{"_acf_changed":false,"inline_featured_image":false,"ocean_post_layout":"","ocean_both_sidebars_style":"","ocean_both_sidebars_content_width":0,"ocean_both_sidebars_sidebars_width":0,"ocean_sidebar":"","ocean_second_sidebar":"","ocean_disable_margins":"enable","ocean_add_body_class":"","ocean_shortcode_before_top_bar":"","ocean_shortcode_after_top_bar":"","ocean_shortcode_before_header":"","ocean_shortcode_after_header":"","ocean_has_shortcode":"","ocean_shortcode_after_title":"","ocean_shortcode_before_footer_widgets":"","ocean_shortcode_after_footer_widgets":"","ocean_shortcode_before_footer_bottom":"","ocean_shortcode_after_footer_bottom":"","ocean_display_top_bar":"default","ocean_display_header":"default","ocean_header_style":"","ocean_center_header_left_menu":"","ocean_custom_header_template":"","ocean_custom_logo":0,"ocean_custom_retina_logo":0,"ocean_custom_logo_max_width":0,"ocean_custom_logo_tablet_max_width":0,"ocean_custom_logo_mobile_max_width":0,"ocean_custom_logo_max_height":0,"ocean_custom_logo_tablet_max_height":0,"ocean_custom_logo_mobile_max_height":0,"ocean_header_custom_menu":"","ocean_menu_typo_font_family":"","ocean_menu_typo_font_subset":"","ocean_menu_typo_font_size":0,"ocean_menu_typo_font_size_tablet":0,"ocean_menu_typo_font_size_mobile":0,"ocean_menu_typo_font_size_unit":"px","ocean_menu_typo_font_weight":"","ocean_menu_typo_font_weight_tablet":"","ocean_menu_typo_font_weight_mobile":"","ocean_menu_typo_transform":"","ocean_menu_typo_transform_tablet":"","ocean_menu_typo_transform_mobile":"","ocean_menu_typo_line_height":0,"ocean_menu_typo_line_height_tablet":0,"ocean_menu_typo_line_height_mobile":0,"ocean_menu_typo_line_height_unit":"","ocean_menu_typo_spacing":0,"ocean_menu_typo_spacing_tablet":0,"ocean_menu_typo_spacing_mobile":0,"ocean_menu_typo_spacing_unit":"","ocean_menu_link_color":"","ocean_menu_link_color_hover":"","ocean_menu_link_color_active":"","ocean_menu_link_background":"","ocean_menu_link_hover_background":"","ocean_menu_link_active_background":"","ocean_menu_social_links_bg":"","ocean_menu_social_hover_links_bg":"","ocean_menu_social_links_color":"","ocean_menu_social_hover_links_color":"","ocean_disable_title":"default","ocean_disable_heading":"default","ocean_post_title":"","ocean_post_subheading":"","ocean_post_title_style":"","ocean_post_title_background_color":"","ocean_post_title_background":0,"ocean_post_title_bg_image_position":"","ocean_post_title_bg_image_attachment":"","ocean_post_title_bg_image_repeat":"","ocean_post_title_bg_image_size":"","ocean_post_title_height":0,"ocean_post_title_bg_overlay":0.5,"ocean_post_title_bg_overlay_color":"","ocean_disable_breadcrumbs":"default","ocean_breadcrumbs_color":"","ocean_breadcrumbs_separator_color":"","ocean_breadcrumbs_links_color":"","ocean_breadcrumbs_links_hover_color":"","ocean_display_footer_widgets":"default","ocean_display_footer_bottom":"default","ocean_custom_footer_template":"","_promoted":"","_job_location":"","_application":"bewerbungen@arberlandkliniken.de","_company_name":"","_company_website":"","_company_tagline":"","_company_twitter":"","_company_video":"","_filled":0,"_featured":0,"_remote_position":0,"_job_salary":"","_job_salary_currency":"","_job_salary_unit":"","_links_to":"","_links_to_target":""},"job-categories":[29],"job-types":[6],"job_listing_location":[23],"class_list":{"0":"post-10853","1":"job_listing","2":"type-job_listing","3":"status-publish","4":"hentry","5":"job_listing_category-kueche-service","6":"job_listing_type-teilzeit","7":"job_listing_location-arberlandklinik-zwiesel","8":"entry","10":"job-type-teilzeit"},"acf":[],"_links":{"self":[{"href":"https:\/\/jobs.arberlandkliniken.de\/cs\/wp-json\/wp\/v2\/job-listings\/10853","targetHints":{"allow":["GET"]}}],"collection":[{"href":"https:\/\/jobs.arberlandkliniken.de\/cs\/wp-json\/wp\/v2\/job-listings"}],"about":[{"href":"https:\/\/jobs.arberlandkliniken.de\/cs\/wp-json\/wp\/v2\/types\/job_listing"}],"author":[{"embeddable":true,"href":"https:\/\/jobs.arberlandkliniken.de\/cs\/wp-json\/wp\/v2\/users\/8"}],"wp:attachment":[{"href":"https:\/\/jobs.arberlandkliniken.de\/cs\/wp-json\/wp\/v2\/media?parent=10853"}],"wp:term":[{"taxonomy":"job_listing_category","embeddable":true,"href":"https:\/\/jobs.arberlandkliniken.de\/cs\/wp-json\/wp\/v2\/job-categories?post=10853"},{"taxonomy":"job_listing_type","embeddable":true,"href":"https:\/\/jobs.arberlandkliniken.de\/cs\/wp-json\/wp\/v2\/job-types?post=10853"},{"taxonomy":"job_listing_location","embeddable":true,"href":"https:\/\/jobs.arberlandkliniken.de\/cs\/wp-json\/wp\/v2\/job_listing_location?post=10853"}],"curies":[{"name":"wp","href":"https:\/\/api.w.org\/{rel}","templated":true}]}}

Zaměstnanec (m/ž/d) pro centrální úklidovou službu

<p>UDRŽET KOLO V CHODU.</p>
<h4>Co si přejeme:</h4>
<ul>
<li>Jste spolehliví, rádi pracujete samostatně a své úkoly plníte spolehlivě a pečlivě.</li>
<li>Jste orientováni na služby a zákazníky</li>
<li>Jste otevřeni práci na směny a o víkendech (od 6:00 do 17:30).</li>
</ul>
<h4>Co můžete očekávat na oplátku:</h4>
<ul>
<li>Nábor prostřednictvím společnosti Arberlandkliniken Service GmbH</li>
<li>Dobrý plat - roční bonusy a bonusy za neděli a svátek NAVÍC</li>
<li>30 dní dovolené</li>
<li>Přátelská pracovní atmosféra ve velmi příjemném kolektivu</li>
<li>Mezi vaše každodenní úkoly bude patřit úklid a dezinfekce pokojů pacientů a samostatné čištění pracovního vybavení.</li>
</ul>
<p align="LEFT">Všechny výhody a benefity najdete zde <a href="https://jobs.arberlandkliniken.de/">https://jobs.arberlandkliniken.de/</a></p>
<p>Jste zvědaví? Pak se nám ozvěte, těšíme se na vaši přihlášku!</p>
<p><strong>Kontakt:</strong></p>
<p>Centralizovaná správa žadatelů<br />
Arberland Clinic Viechtach<br />
Karl-Gareis-Str. 31<br />
94234 Viechtach<br />
Telefon: +49 9942 20-129<br />
e-mail: <a class="mail" title="Otevře interní odkaz v aktuálním okně" href="https://www.arberlandkliniken.de/beruf-karriere/offene-stellen#" data-mailto-vector="-2" data-mailto-token="kygjrm8zcucpzsleclYypzcpjylbijglgicl,bc">bewerbungen@arberlandkliniken.de</a></p>
