{"id":11430,"date":"2026-04-23T09:40:50","date_gmt":"2026-04-23T09:40:50","guid":{"rendered":"https:\/\/jobs.arberlandkliniken.de\/?post_type=job_listing&#038;p=11430"},"modified":"2026-04-23T09:40:50","modified_gmt":"2026-04-23T09:40:50","slug":"ausbildung-zum-medizinischen-fachangestellten-m-w-d","status":"publish","type":"job_listing","link":"https:\/\/jobs.arberlandkliniken.de\/cs\/job\/ausbildung-zum-medizinischen-fachangestellten-m-w-d\/","title":{"rendered":"Odborn\u00e1 praxe na pozici zdravotnick\u00e9ho asistenta (m\/\u017e\/d)"},"content":{"rendered":"<p>Arberlandkliniken jsou jedn\u00edm z nejv\u011bt\u0161\u00edch zam\u011bstnavatel\u016f v okrese Regen a nab\u00edzej\u00ed mnoho p\u0159\u00edle\u017eitost\u00ed ke vzd\u011bl\u00e1v\u00e1n\u00ed s dobr\u00fdmi mo\u017enostmi rozvoje a pov\u00fd\u0161en\u00ed.<\/p>\n<h4>Co se b\u011bhem \u0161kolen\u00ed nau\u010d\u00edte?<\/h4>\n<ul>\n<li>P\u0159\u00edjem pacient\u016f a pl\u00e1nov\u00e1n\u00ed sch\u016fzek<\/li>\n<li>Podpora p\u0159i vy\u0161et\u0159en\u00edch a o\u0161et\u0159en\u00edch<\/li>\n<li>Veden\u00ed z\u00e1znam\u016f o pacientech a fakturace<\/li>\n<li>Poradenstv\u00ed a informace pro pacienty<\/li>\n<li>\u010ci\u0161t\u011bn\u00ed za\u0159\u00edzen\u00ed a zaji\u0161t\u011bn\u00ed souladu s hygienick\u00fdmi p\u0159edpisy.<\/li>\n<\/ul>\n<h4>Obecn\u00e9 informace o va\u0161em \u0161kolen\u00ed:<\/h4>\n<ul>\n<li>Za\u010d\u00e1tek \u0161kolen\u00ed: 01.09.2026<\/li>\n<li>Praktick\u00e1 v\u00fduka na klinik\u00e1ch Arberland<\/li>\n<li>Teoretick\u00e1 p\u0159\u00edprava: denn\u00ed v\u00fduka na odborn\u00e9 \u0161kole Mathias-von-Flurl ve Straubingu.<\/li>\n<li>P\u0159\u00edsp\u011bvek na vzd\u011bl\u00e1v\u00e1n\u00ed v souladu s kolektivn\u00ed smlouvou pro st\u00e1\u017eisty ve ve\u0159ejn\u00e9m sektoru (TVA\u00f6D) (od z\u00e1\u0159\u00ed 2025):<br \/>\n- 1. rok: 1 293,26 \u20ac<br \/>\n- 2. rok: 1 343,20 \u20ac<br \/>\n- 3. rok: 1 389,02 \u20ac<\/li>\n<li>Mo\u017enosti dal\u0161\u00edho vzd\u011bl\u00e1v\u00e1n\u00ed (nap\u0159. l\u00e9\u010dba ran, specialista v soci\u00e1ln\u00edch a zdravotnick\u00fdch slu\u017eb\u00e1ch, program asistenta l\u00e9ka\u0159e).<\/li>\n<\/ul>\n<h4>Co si p\u0159ejeme:<\/h4>\n<ul>\n<li>Je v\u00e1m nejm\u00e9n\u011b 15 let<\/li>\n<li>M\u00e1te maturitn\u00ed vysv\u011bd\u010den\u00ed nebo v\u00fdu\u010dn\u00ed list na st\u0159edn\u00ed \u0161kole.<\/li>\n<li>Jste otev\u0159en\u00ed a p\u0159\u00e1tel\u0161t\u00ed<\/li>\n<li>R\u00e1di pracujete s lidmi a inspirujete n\u00e1s svou empati\u00ed a schopnost\u00ed pracovat v t\u00fdmu.<\/li>\n<\/ul>\n<p align=\"LEFT\">V\u0161echny v\u00fdhody a benefity najdete zde <a href=\"https:\/\/jobs.arberlandkliniken.de\/ausbildung\/\">https:\/\/jobs.arberlandkliniken.de\/ausbildung\/<\/a><\/p>\n<p align=\"LEFT\">Uz\u00e1v\u011brka p\u0159ihl\u00e1\u0161ek: 31. kv\u011btna 2026<\/p>\n<p>Jste zv\u011bdav\u00ed? Pak se n\u00e1m ozv\u011bte, t\u011b\u0161\u00edme se na va\u0161i p\u0159ihl\u00e1\u0161ku!<\/p>\n<p>E-mail: bewerbungen@arberlandkliniken.de<\/p>\n<p>nebo na adresu:<\/p>\n<p>Centralizovan\u00e1 spr\u00e1va \u017eadatel\u016f<br \/>\nKarl-Gareis-Str. 31<br \/>\n94234 Viechtach<br \/>\nTelefon: +49 9942 20-129<\/p>\n<p>&nbsp;<\/p>","protected":false},"author":8,"featured_media":0,"template":"","meta":{"_acf_changed":false,"inline_featured_image":false,"ocean_post_layout":"","ocean_both_sidebars_style":"","ocean_both_sidebars_content_width":0,"ocean_both_sidebars_sidebars_width":0,"ocean_sidebar":"","ocean_second_sidebar":"","ocean_disable_margins":"enable","ocean_add_body_class":"","ocean_shortcode_before_top_bar":"","ocean_shortcode_after_top_bar":"","ocean_shortcode_before_header":"","ocean_shortcode_after_header":"","ocean_has_shortcode":"","ocean_shortcode_after_title":"","ocean_shortcode_before_footer_widgets":"","ocean_shortcode_after_footer_widgets":"","ocean_shortcode_before_footer_bottom":"","ocean_shortcode_after_footer_bottom":"","ocean_display_top_bar":"default","ocean_display_header":"default","ocean_header_style":"","ocean_center_header_left_menu":"","ocean_custom_header_template":"","ocean_custom_logo":0,"ocean_custom_retina_logo":0,"ocean_custom_logo_max_width":0,"ocean_custom_logo_tablet_max_width":0,"ocean_custom_logo_mobile_max_width":0,"ocean_custom_logo_max_height":0,"ocean_custom_logo_tablet_max_height":0,"ocean_custom_logo_mobile_max_height":0,"ocean_header_custom_menu":"","ocean_menu_typo_font_family":"","ocean_menu_typo_font_subset":"","ocean_menu_typo_font_size":0,"ocean_menu_typo_font_size_tablet":0,"ocean_menu_typo_font_size_mobile":0,"ocean_menu_typo_font_size_unit":"px","ocean_menu_typo_font_weight":"","ocean_menu_typo_font_weight_tablet":"","ocean_menu_typo_font_weight_mobile":"","ocean_menu_typo_transform":"","ocean_menu_typo_transform_tablet":"","ocean_menu_typo_transform_mobile":"","ocean_menu_typo_line_height":0,"ocean_menu_typo_line_height_tablet":0,"ocean_menu_typo_line_height_mobile":0,"ocean_menu_typo_line_height_unit":"","ocean_menu_typo_spacing":0,"ocean_menu_typo_spacing_tablet":0,"ocean_menu_typo_spacing_mobile":0,"ocean_menu_typo_spacing_unit":"","ocean_menu_link_color":"","ocean_menu_link_color_hover":"","ocean_menu_link_color_active":"","ocean_menu_link_background":"","ocean_menu_link_hover_background":"","ocean_menu_link_active_background":"","ocean_menu_social_links_bg":"","ocean_menu_social_hover_links_bg":"","ocean_menu_social_links_color":"","ocean_menu_social_hover_links_color":"","ocean_disable_title":"default","ocean_disable_heading":"default","ocean_post_title":"","ocean_post_subheading":"","ocean_post_title_style":"","ocean_post_title_background_color":"","ocean_post_title_background":0,"ocean_post_title_bg_image_position":"","ocean_post_title_bg_image_attachment":"","ocean_post_title_bg_image_repeat":"","ocean_post_title_bg_image_size":"","ocean_post_title_height":0,"ocean_post_title_bg_overlay":0.5,"ocean_post_title_bg_overlay_color":"","ocean_disable_breadcrumbs":"default","ocean_breadcrumbs_color":"","ocean_breadcrumbs_separator_color":"","ocean_breadcrumbs_links_color":"","ocean_breadcrumbs_links_hover_color":"","ocean_display_footer_widgets":"default","ocean_display_footer_bottom":"default","ocean_custom_footer_template":"","_promoted":"","_job_location":"","_application":"bewerbungen@arberlandkliniken.de","_company_name":"","_company_website":"","_company_tagline":"","_company_twitter":"","_company_video":"","_filled":0,"_featured":0,"_remote_position":0,"_job_salary":"","_job_salary_currency":"","_job_salary_unit":"","_links_to":"","_links_to_target":""},"job-categories":[13],"job-types":[10],"job_listing_location":[19],"class_list":{"0":"post-11430","1":"job_listing","2":"type-job_listing","3":"status-publish","4":"hentry","5":"job_listing_category-pflege-und-funktionsdienst","6":"job_listing_type-ausbildung","7":"job_listing_location-arberlandklinik-viechtach","8":"entry","10":"job-type-ausbildung"},"acf":[],"_links":{"self":[{"href":"https:\/\/jobs.arberlandkliniken.de\/cs\/wp-json\/wp\/v2\/job-listings\/11430","targetHints":{"allow":["GET"]}}],"collection":[{"href":"https:\/\/jobs.arberlandkliniken.de\/cs\/wp-json\/wp\/v2\/job-listings"}],"about":[{"href":"https:\/\/jobs.arberlandkliniken.de\/cs\/wp-json\/wp\/v2\/types\/job_listing"}],"author":[{"embeddable":true,"href":"https:\/\/jobs.arberlandkliniken.de\/cs\/wp-json\/wp\/v2\/users\/8"}],"wp:attachment":[{"href":"https:\/\/jobs.arberlandkliniken.de\/cs\/wp-json\/wp\/v2\/media?parent=11430"}],"wp:term":[{"taxonomy":"job_listing_category","embeddable":true,"href":"https:\/\/jobs.arberlandkliniken.de\/cs\/wp-json\/wp\/v2\/job-categories?post=11430"},{"taxonomy":"job_listing_type","embeddable":true,"href":"https:\/\/jobs.arberlandkliniken.de\/cs\/wp-json\/wp\/v2\/job-types?post=11430"},{"taxonomy":"job_listing_location","embeddable":true,"href":"https:\/\/jobs.arberlandkliniken.de\/cs\/wp-json\/wp\/v2\/job_listing_location?post=11430"}],"curies":[{"name":"wp","href":"https:\/\/api.w.org\/{rel}","templated":true}]}}

Odborná praxe na pozici zdravotnického asistenta (m/ž/d)

<p>Arberlandkliniken jsou jedním z největších zaměstnavatelů v okrese Regen a nabízejí mnoho příležitostí ke vzdělávání s dobrými možnostmi rozvoje a povýšení.</p>
<h4>Co se během školení naučíte?</h4>
<ul>
<li>Příjem pacientů a plánování schůzek</li>
<li>Podpora při vyšetřeních a ošetřeních</li>
<li>Vedení záznamů o pacientech a fakturace</li>
<li>Poradenství a informace pro pacienty</li>
<li>Čištění zařízení a zajištění souladu s hygienickými předpisy.</li>
</ul>
<h4>Obecné informace o vašem školení:</h4>
<ul>
<li>Začátek školení: 01.09.2026</li>
<li>Praktická výuka na klinikách Arberland</li>
<li>Teoretická příprava: denní výuka na odborné škole Mathias-von-Flurl ve Straubingu.</li>
<li>Příspěvek na vzdělávání v souladu s kolektivní smlouvou pro stážisty ve veřejném sektoru (TVAöD) (od září 2025):<br />
- 1. rok: 1 293,26 €<br />
- 2. rok: 1 343,20 €<br />
- 3. rok: 1 389,02 €</li>
<li>Možnosti dalšího vzdělávání (např. léčba ran, specialista v sociálních a zdravotnických službách, program asistenta lékaře).</li>
</ul>
<h4>Co si přejeme:</h4>
<ul>
<li>Je vám nejméně 15 let</li>
<li>Máte maturitní vysvědčení nebo výuční list na střední škole.</li>
<li>Jste otevření a přátelští</li>
<li>Rádi pracujete s lidmi a inspirujete nás svou empatií a schopností pracovat v týmu.</li>
</ul>
<p align="LEFT">Všechny výhody a benefity najdete zde <a href="https://jobs.arberlandkliniken.de/ausbildung/">https://jobs.arberlandkliniken.de/ausbildung/</a></p>
<p align="LEFT">Uzávěrka přihlášek: 31. května 2026</p>
<p>Jste zvědaví? Pak se nám ozvěte, těšíme se na vaši přihlášku!</p>
<p>E-mail: bewerbungen@arberlandkliniken.de</p>
<p>nebo na adresu:</p>
<p>Centralizovaná správa žadatelů<br />
Karl-Gareis-Str. 31<br />
94234 Viechtach<br />
Telefon: +49 9942 20-129</p>
<p>&nbsp;</p>
