{"id":4687,"date":"2024-05-22T07:52:41","date_gmt":"2024-05-22T07:52:41","guid":{"rendered":"https:\/\/jobs.arberlandkliniken.de\/?post_type=job_listing&#038;p=4687"},"modified":"2026-03-16T06:31:39","modified_gmt":"2026-03-16T06:31:39","slug":"bundesfreiwilligendienstleistende-m-w-d","status":"publish","type":"job_listing","link":"https:\/\/jobs.arberlandkliniken.de\/cs\/job\/bundesfreiwilligendienstleistende-m-w-d\/","title":{"rendered":"Spolkov\u00fd dobrovoln\u00edk (m\/\u017e\/d)"},"content":{"rendered":"<p>Chcete objevit n\u011bco nov\u00e9ho a v\u011bnovat se smyslupln\u00fdm \u00fakol\u016fm? Prozkoumat profesn\u00ed oblasti a vyzkou\u0161et si sv\u00e9 vlastn\u00ed siln\u00e9 str\u00e1nky? Pak jste na spr\u00e1vn\u00e9m m\u00edst\u011b!<\/p>\n<h4>CO SI P\u0158EJEME:<\/h4>\n<ul>\n<li>Zaj\u00edm\u00e1te se o l\u00e9ka\u0159sk\u00e1 t\u00e9mata a r\u00e1di pracujete s lidmi.<\/li>\n<li>Chcete dob\u0159e vyu\u017e\u00edt \u010dekac\u00ed dobu do zah\u00e1jen\u00ed u\u010d\u0148ovsk\u00e9ho nebo studijn\u00edho programu.<\/li>\n<li>R\u00e1di byste se p\u0159ipravili na budouc\u00ed praxi v soci\u00e1ln\u00ed profesi.<\/li>\n<\/ul>\n<h4>TO JSOU VA\u0160E \u00daKOLY:<\/h4>\n<ul>\n<li>O\u0161et\u0159ovatelstv\u00ed: podpora p\u0159i z\u00e1kladn\u00ed p\u00e9\u010di a odb\u011bru a porodu.<\/li>\n<li>Ostatn\u00ed odd\u011blen\u00ed: Spolupr\u00e1ce a podpora p\u0159i pln\u011bn\u00ed ka\u017edodenn\u00edch \u00fakol\u016f, nap\u0159. v technick\u00fdch slu\u017eb\u00e1ch, skladu nebo administrativ\u011b.<\/li>\n<\/ul>\n<h4>CO M\u016e\u017dETE O\u010cEK\u00c1VAT NA OPL\u00c1TKU:<\/h4>\n<ul>\n<li>Definovan\u00e9, podp\u016frn\u00e9 \u00fakoly v oblasti v\u0161eobecn\u00e9ho o\u0161et\u0159ovatelstv\u00ed nebo \u010dinnosti specifick\u00e9 pro jednotliv\u00e1 odd\u011blen\u00ed v jin\u00fdch oblastech.<\/li>\n<li>30 dn\u00ed dovolen\u00e9<\/li>\n<li>Pracovn\u00ed t\u00fdden 38,5 hodiny<\/li>\n<li>Pracovn\u00ed od\u011bvy zdarma<\/li>\n<li>Kapesn\u00e9 438 eur\/m\u011bs\u00edc + m\u011bs\u00ed\u010dn\u00ed rezervace vstupenek Ticket-Plus ve v\u00fd\u0161i 50,00 eur<\/li>\n<li>\u00da\u010dast na intern\u00edch vzd\u011bl\u00e1vac\u00edch programech<\/li>\n<\/ul>\n<p>&nbsp;<\/p>\n<p><strong>T\u011b\u0161\u00edme se na va\u0161i p\u0159ihl\u00e1\u0161ku!<\/strong><\/p>\n<p><a class=\"application_button button\" href=\"https:\/\/heyflow.id\/alk-prakti-bufdi#start\">K rychl\u00e9 aplikaci<\/a><\/p>\n<p>&nbsp;<\/p>\n<p><strong>Kontakt:<\/strong><\/p>\n<p>Centralizovan\u00e1 spr\u00e1va \u017eadatel\u016f<br \/>\nArberland Clinic Viechtach<br \/>\nKarl-Gareis-Str. 31<br \/>\n94234 Viechtach<br \/>\nTelefon: +49 9942 20-129<br \/>\ne-mail:\u00a0<a class=\"mail\" title=\"Otev\u0159e intern\u00ed odkaz v aktu\u00e1ln\u00edm okn\u011b\">bewerbungen@arberlandkliniken.de<\/a><\/p>","protected":false},"author":4,"featured_media":0,"template":"","meta":{"_acf_changed":false,"inline_featured_image":false,"ocean_post_layout":"","ocean_both_sidebars_style":"","ocean_both_sidebars_content_width":0,"ocean_both_sidebars_sidebars_width":0,"ocean_sidebar":"","ocean_second_sidebar":"","ocean_disable_margins":"enable","ocean_add_body_class":"","ocean_shortcode_before_top_bar":"","ocean_shortcode_after_top_bar":"","ocean_shortcode_before_header":"","ocean_shortcode_after_header":"","ocean_has_shortcode":"","ocean_shortcode_after_title":"","ocean_shortcode_before_footer_widgets":"","ocean_shortcode_after_footer_widgets":"","ocean_shortcode_before_footer_bottom":"","ocean_shortcode_after_footer_bottom":"","ocean_display_top_bar":"default","ocean_display_header":"default","ocean_header_style":"","ocean_center_header_left_menu":"","ocean_custom_header_template":"","ocean_custom_logo":0,"ocean_custom_retina_logo":0,"ocean_custom_logo_max_width":0,"ocean_custom_logo_tablet_max_width":0,"ocean_custom_logo_mobile_max_width":0,"ocean_custom_logo_max_height":0,"ocean_custom_logo_tablet_max_height":0,"ocean_custom_logo_mobile_max_height":0,"ocean_header_custom_menu":"","ocean_menu_typo_font_family":"","ocean_menu_typo_font_subset":"","ocean_menu_typo_font_size":0,"ocean_menu_typo_font_size_tablet":0,"ocean_menu_typo_font_size_mobile":0,"ocean_menu_typo_font_size_unit":"px","ocean_menu_typo_font_weight":"","ocean_menu_typo_font_weight_tablet":"","ocean_menu_typo_font_weight_mobile":"","ocean_menu_typo_transform":"","ocean_menu_typo_transform_tablet":"","ocean_menu_typo_transform_mobile":"","ocean_menu_typo_line_height":0,"ocean_menu_typo_line_height_tablet":0,"ocean_menu_typo_line_height_mobile":0,"ocean_menu_typo_line_height_unit":"","ocean_menu_typo_spacing":0,"ocean_menu_typo_spacing_tablet":0,"ocean_menu_typo_spacing_mobile":0,"ocean_menu_typo_spacing_unit":"","ocean_menu_link_color":"","ocean_menu_link_color_hover":"","ocean_menu_link_color_active":"","ocean_menu_link_background":"","ocean_menu_link_hover_background":"","ocean_menu_link_active_background":"","ocean_menu_social_links_bg":"","ocean_menu_social_hover_links_bg":"","ocean_menu_social_links_color":"","ocean_menu_social_hover_links_color":"","ocean_disable_title":"default","ocean_disable_heading":"default","ocean_post_title":"","ocean_post_subheading":"","ocean_post_title_style":"","ocean_post_title_background_color":"","ocean_post_title_background":0,"ocean_post_title_bg_image_position":"","ocean_post_title_bg_image_attachment":"","ocean_post_title_bg_image_repeat":"","ocean_post_title_bg_image_size":"","ocean_post_title_height":0,"ocean_post_title_bg_overlay":0.5,"ocean_post_title_bg_overlay_color":"","ocean_disable_breadcrumbs":"default","ocean_breadcrumbs_color":"","ocean_breadcrumbs_separator_color":"","ocean_breadcrumbs_links_color":"","ocean_breadcrumbs_links_hover_color":"","ocean_display_footer_widgets":"default","ocean_display_footer_bottom":"default","ocean_custom_footer_template":"","_promoted":"","_job_location":"","_application":"bewerbungen@arberlandkliniken.de","_company_name":"","_company_website":"","_company_tagline":"","_company_twitter":"","_company_video":"","_filled":0,"_featured":0,"_remote_position":0,"_job_salary":"","_job_salary_currency":"","_job_salary_unit":"","_links_to":"","_links_to_target":""},"job-categories":[13],"job-types":[9,5],"job_listing_location":[19,23],"class_list":{"0":"post-4687","1":"job_listing","2":"type-job_listing","3":"status-publish","4":"hentry","5":"job_listing_category-pflege-und-funktionsdienst","6":"job_listing_type-praktikum","7":"job_listing_type-vollzeit","8":"job_listing_location-arberlandklinik-viechtach","9":"job_listing_location-arberlandklinik-zwiesel","10":"entry","12":"job-type-praktikum","13":"job-type-vollzeit"},"acf":[],"_links":{"self":[{"href":"https:\/\/jobs.arberlandkliniken.de\/cs\/wp-json\/wp\/v2\/job-listings\/4687","targetHints":{"allow":["GET"]}}],"collection":[{"href":"https:\/\/jobs.arberlandkliniken.de\/cs\/wp-json\/wp\/v2\/job-listings"}],"about":[{"href":"https:\/\/jobs.arberlandkliniken.de\/cs\/wp-json\/wp\/v2\/types\/job_listing"}],"author":[{"embeddable":true,"href":"https:\/\/jobs.arberlandkliniken.de\/cs\/wp-json\/wp\/v2\/users\/4"}],"wp:attachment":[{"href":"https:\/\/jobs.arberlandkliniken.de\/cs\/wp-json\/wp\/v2\/media?parent=4687"}],"wp:term":[{"taxonomy":"job_listing_category","embeddable":true,"href":"https:\/\/jobs.arberlandkliniken.de\/cs\/wp-json\/wp\/v2\/job-categories?post=4687"},{"taxonomy":"job_listing_type","embeddable":true,"href":"https:\/\/jobs.arberlandkliniken.de\/cs\/wp-json\/wp\/v2\/job-types?post=4687"},{"taxonomy":"job_listing_location","embeddable":true,"href":"https:\/\/jobs.arberlandkliniken.de\/cs\/wp-json\/wp\/v2\/job_listing_location?post=4687"}],"curies":[{"name":"wp","href":"https:\/\/api.w.org\/{rel}","templated":true}]}}

Spolkový dobrovolník (m/ž/d)

<p>Chcete objevit něco nového a věnovat se smysluplným úkolům? Prozkoumat profesní oblasti a vyzkoušet si své vlastní silné stránky? Pak jste na správném místě!</p>
<h4>CO SI PŘEJEME:</h4>
<ul>
<li>Zajímáte se o lékařská témata a rádi pracujete s lidmi.</li>
<li>Chcete dobře využít čekací dobu do zahájení učňovského nebo studijního programu.</li>
<li>Rádi byste se připravili na budoucí praxi v sociální profesi.</li>
</ul>
<h4>TO JSOU VAŠE ÚKOLY:</h4>
<ul>
<li>Ošetřovatelství: podpora při základní péči a odběru a porodu.</li>
<li>Ostatní oddělení: Spolupráce a podpora při plnění každodenních úkolů, např. v technických službách, skladu nebo administrativě.</li>
</ul>
<h4>CO MŮŽETE OČEKÁVAT NA OPLÁTKU:</h4>
<ul>
<li>Definované, podpůrné úkoly v oblasti všeobecného ošetřovatelství nebo činnosti specifické pro jednotlivá oddělení v jiných oblastech.</li>
<li>30 dní dovolené</li>
<li>Pracovní týden 38,5 hodiny</li>
<li>Pracovní oděvy zdarma</li>
<li>Kapesné 438 eur/měsíc + měsíční rezervace vstupenek Ticket-Plus ve výši 50,00 eur</li>
<li>Účast na interních vzdělávacích programech</li>
</ul>
<p>&nbsp;</p>
<p><strong>Těšíme se na vaši přihlášku!</strong></p>
<p><a class="application_button button" href="https://heyflow.id/alk-prakti-bufdi#start">K rychlé aplikaci</a></p>
<p>&nbsp;</p>
<p><strong>Kontakt:</strong></p>
<p>Centralizovaná správa žadatelů<br />
Arberland Clinic Viechtach<br />
Karl-Gareis-Str. 31<br />
94234 Viechtach<br />
Telefon: +49 9942 20-129<br />
e-mail: <a class="mail" title="Otevře interní odkaz v aktuálním okně">bewerbungen@arberlandkliniken.de</a></p>
