{"id":7537,"date":"2025-01-22T10:44:41","date_gmt":"2025-01-22T10:44:41","guid":{"rendered":"https:\/\/jobs.arberlandkliniken.de\/?post_type=job_listing&#038;p=7537"},"modified":"2025-01-22T10:44:41","modified_gmt":"2025-01-22T10:44:41","slug":"leitender-oberarzt-m-w-d-innere-medizin","status":"publish","type":"job_listing","link":"https:\/\/jobs.arberlandkliniken.de\/cs\/job\/leitender-oberarzt-m-w-d-innere-medizin\/","title":{"rendered":"Vedouc\u00ed konzultant (m\/\u017e\/d) Vnit\u0159n\u00ed l\u00e9ka\u0159stv\u00ed"},"content":{"rendered":"<p>Na na\u0161ich klinik\u00e1ch nejste jen \u010d\u00edslo, ale nepostradateln\u00e1 sou\u010d\u00e1st t\u00fdmu - a pr\u00e1v\u011b pro tento t\u00fdm hled\u00e1me podporu. V r\u00e1mci reformy struktury nemocnice hodl\u00e1 Arberlandklinik Viechtach nab\u00eddnout n\u00e1sleduj\u00edc\u00ed skupiny slu\u017eeb, aby mohla i nad\u00e1le nab\u00edzet \u0161irokou \u0161k\u00e1lu diagnostick\u00fdch a terapeutick\u00fdch mo\u017enost\u00ed: V\u0161eobecn\u00e1 interna, v\u0161eobecn\u00e1 neurologie, odd\u011blen\u00ed pro l\u00e9\u010dbu mozkov\u00fdch p\u0159\u00edhod, geriatrie, paliativn\u00ed medic\u00edna, jako\u017e i EPU\/Ablace, interven\u010dn\u00ed kardiologie a kardiologick\u00e9 p\u0159\u00edstroje. Jste p\u0159ipraveni udr\u017eet kolo v chodu spole\u010dn\u011b? Pak hled\u00e1me pr\u00e1v\u011b v\u00e1s!<\/p>\n<h4>Co si p\u0159ejeme:<\/h4>\n<ul>\n<li>Jste specialista (m\/\u017e\/d) v oboru vnit\u0159n\u00edho l\u00e9ka\u0159stv\u00ed a ide\u00e1ln\u011b m\u00e1te dal\u0161\u00ed kvalifikaci v gastroenterologii, paliativn\u00ed medic\u00edn\u011b nebo geriatrii.<\/li>\n<li>Bav\u00ed v\u00e1s \u0161kolit a rozv\u00edjet zam\u011bstnance<\/li>\n<li>M\u00e1te t\u00fdmov\u00fd p\u0159\u00edstup k pr\u00e1ci a dobr\u00e9 komunika\u010dn\u00ed schopnosti.<\/li>\n<\/ul>\n<h4>Va\u0161e \u00fakoly:<\/h4>\n<ul>\n<li>P\u0159evzet\u00ed funkce z\u00e1stupce vedouc\u00edho l\u00e9ka\u0159e na odd\u011blen\u00ed v\u0161eobecn\u00e9ho intern\u00edho l\u00e9ka\u0159stv\u00ed<\/li>\n<li>Zaji\u0161t\u011bn\u00ed vysoce kvalitn\u00ed l\u00e9ka\u0159sk\u00e9 p\u00e9\u010de ve spolupr\u00e1ci s dal\u0161\u00edmi odborn\u00fdmi odd\u011blen\u00edmi.<\/li>\n<li>Endoskopick\u00e1 diagnostika<\/li>\n<li>Dohled a dal\u0161\u00ed vzd\u011bl\u00e1v\u00e1n\u00ed asistent\u016f l\u00e9ka\u0159e<\/li>\n<\/ul>\n<h4>To je to, co v\u00e1m nab\u00edz\u00edme:<\/h4>\n<ul>\n<li>Zodpov\u011bdn\u00e1 pr\u00e1ce s dobr\u00fdmi pracovn\u00edmi podm\u00ednkami ve vysoce kvalifikovan\u00e9m t\u00fdmu l\u00e9ka\u0159\u016f, o\u0161et\u0159ovatel\u016f a funk\u010dn\u00edho person\u00e1lu.<\/li>\n<li>d\u016fkladn\u00fd \u00favodn\u00ed program v p\u0159\u00e1telsk\u00e9 a kolegi\u00e1ln\u00ed atmosf\u00e9\u0159e.<\/li>\n<li>Klinika v\u00e1m poskytne maxim\u00e1ln\u00ed mo\u017enou podporu, pokud jde o mo\u017enosti dal\u0161\u00edho vzd\u011bl\u00e1v\u00e1n\u00ed a odborn\u00e9 p\u0159\u00edpravy, slad\u011bn\u00ed pracovn\u00edho a soukrom\u00e9ho \u017eivota a hled\u00e1n\u00ed ubytov\u00e1n\u00ed.<\/li>\n<li>31 dn\u00ed dovolen\u00e9 ro\u010dn\u011b a 10 dn\u00ed placen\u00e9 dovolen\u00e9 na \u0161kolen\u00ed ro\u010dn\u011b.<\/li>\n<\/ul>\n<p>L\u00edb\u00ed se v\u00e1m to? Pak se p\u0159ihlaste nyn\u00ed!<\/p>\n<p><strong>Kontakt:<\/strong><\/p>\n<p>Centralizovan\u00e1 spr\u00e1va \u017eadatel\u016f<br \/>\nArberland Clinic Viechtach<br \/>\nKarl-Gareis-Str. 31<br \/>\n94234 Viechtach<br \/>\nTelefon: +49 9942 20-129<br \/>\ne-mail:\u00a0<a class=\"mail\" title=\"Otev\u0159e intern\u00ed odkaz v aktu\u00e1ln\u00edm okn\u011b\" href=\"https:\/\/www.arberlandkliniken.de\/beruf-karriere\/offene-stellen#\" data-mailto-vector=\"-2\" data-mailto-token=\"kygjrm8zcucpzsleclYypzcpjylbijglgicl,bc\">bewerbungen@arberlandkliniken.de<\/a><\/p>","protected":false},"author":4,"featured_media":0,"template":"","meta":{"_acf_changed":false,"inline_featured_image":false,"ocean_post_layout":"","ocean_both_sidebars_style":"","ocean_both_sidebars_content_width":0,"ocean_both_sidebars_sidebars_width":0,"ocean_sidebar":"","ocean_second_sidebar":"","ocean_disable_margins":"enable","ocean_add_body_class":"","ocean_shortcode_before_top_bar":"","ocean_shortcode_after_top_bar":"","ocean_shortcode_before_header":"","ocean_shortcode_after_header":"","ocean_has_shortcode":"","ocean_shortcode_after_title":"","ocean_shortcode_before_footer_widgets":"","ocean_shortcode_after_footer_widgets":"","ocean_shortcode_before_footer_bottom":"","ocean_shortcode_after_footer_bottom":"","ocean_display_top_bar":"default","ocean_display_header":"default","ocean_header_style":"","ocean_center_header_left_menu":"","ocean_custom_header_template":"","ocean_custom_logo":0,"ocean_custom_retina_logo":0,"ocean_custom_logo_max_width":0,"ocean_custom_logo_tablet_max_width":0,"ocean_custom_logo_mobile_max_width":0,"ocean_custom_logo_max_height":0,"ocean_custom_logo_tablet_max_height":0,"ocean_custom_logo_mobile_max_height":0,"ocean_header_custom_menu":"","ocean_menu_typo_font_family":"","ocean_menu_typo_font_subset":"","ocean_menu_typo_font_size":0,"ocean_menu_typo_font_size_tablet":0,"ocean_menu_typo_font_size_mobile":0,"ocean_menu_typo_font_size_unit":"px","ocean_menu_typo_font_weight":"","ocean_menu_typo_font_weight_tablet":"","ocean_menu_typo_font_weight_mobile":"","ocean_menu_typo_transform":"","ocean_menu_typo_transform_tablet":"","ocean_menu_typo_transform_mobile":"","ocean_menu_typo_line_height":0,"ocean_menu_typo_line_height_tablet":0,"ocean_menu_typo_line_height_mobile":0,"ocean_menu_typo_line_height_unit":"","ocean_menu_typo_spacing":0,"ocean_menu_typo_spacing_tablet":0,"ocean_menu_typo_spacing_mobile":0,"ocean_menu_typo_spacing_unit":"","ocean_menu_link_color":"","ocean_menu_link_color_hover":"","ocean_menu_link_color_active":"","ocean_menu_link_background":"","ocean_menu_link_hover_background":"","ocean_menu_link_active_background":"","ocean_menu_social_links_bg":"","ocean_menu_social_hover_links_bg":"","ocean_menu_social_links_color":"","ocean_menu_social_hover_links_color":"","ocean_disable_title":"default","ocean_disable_heading":"default","ocean_post_title":"","ocean_post_subheading":"","ocean_post_title_style":"","ocean_post_title_background_color":"","ocean_post_title_background":0,"ocean_post_title_bg_image_position":"","ocean_post_title_bg_image_attachment":"","ocean_post_title_bg_image_repeat":"","ocean_post_title_bg_image_size":"","ocean_post_title_height":0,"ocean_post_title_bg_overlay":0.5,"ocean_post_title_bg_overlay_color":"","ocean_disable_breadcrumbs":"default","ocean_breadcrumbs_color":"","ocean_breadcrumbs_separator_color":"","ocean_breadcrumbs_links_color":"","ocean_breadcrumbs_links_hover_color":"","ocean_display_footer_widgets":"default","ocean_display_footer_bottom":"default","ocean_custom_footer_template":"","_promoted":"","_job_location":"","_application":"bewerbungen@arberlandkliniken.de","_company_name":"","_company_website":"","_company_tagline":"","_company_twitter":"","_company_video":"","_filled":0,"_featured":0,"_remote_position":0,"_job_salary":"","_job_salary_currency":"","_job_salary_unit":"","_links_to":"","_links_to_target":""},"job-categories":[12],"job-types":[5],"job_listing_location":[19],"class_list":{"0":"post-7537","1":"job_listing","2":"type-job_listing","3":"status-publish","4":"hentry","5":"job_listing_category-aerztlicher-dienst","6":"job_listing_type-vollzeit","7":"job_listing_location-arberlandklinik-viechtach","8":"entry","10":"job-type-vollzeit"},"acf":[],"_links":{"self":[{"href":"https:\/\/jobs.arberlandkliniken.de\/cs\/wp-json\/wp\/v2\/job-listings\/7537","targetHints":{"allow":["GET"]}}],"collection":[{"href":"https:\/\/jobs.arberlandkliniken.de\/cs\/wp-json\/wp\/v2\/job-listings"}],"about":[{"href":"https:\/\/jobs.arberlandkliniken.de\/cs\/wp-json\/wp\/v2\/types\/job_listing"}],"author":[{"embeddable":true,"href":"https:\/\/jobs.arberlandkliniken.de\/cs\/wp-json\/wp\/v2\/users\/4"}],"wp:attachment":[{"href":"https:\/\/jobs.arberlandkliniken.de\/cs\/wp-json\/wp\/v2\/media?parent=7537"}],"wp:term":[{"taxonomy":"job_listing_category","embeddable":true,"href":"https:\/\/jobs.arberlandkliniken.de\/cs\/wp-json\/wp\/v2\/job-categories?post=7537"},{"taxonomy":"job_listing_type","embeddable":true,"href":"https:\/\/jobs.arberlandkliniken.de\/cs\/wp-json\/wp\/v2\/job-types?post=7537"},{"taxonomy":"job_listing_location","embeddable":true,"href":"https:\/\/jobs.arberlandkliniken.de\/cs\/wp-json\/wp\/v2\/job_listing_location?post=7537"}],"curies":[{"name":"wp","href":"https:\/\/api.w.org\/{rel}","templated":true}]}}

Vedoucí konzultant (m/ž/d) Vnitřní lékařství

<p>Na našich klinikách nejste jen číslo, ale nepostradatelná součást týmu - a právě pro tento tým hledáme podporu. V rámci reformy struktury nemocnice hodlá Arberlandklinik Viechtach nabídnout následující skupiny služeb, aby mohla i nadále nabízet širokou škálu diagnostických a terapeutických možností: Všeobecná interna, všeobecná neurologie, oddělení pro léčbu mozkových příhod, geriatrie, paliativní medicína, jakož i EPU/Ablace, intervenční kardiologie a kardiologické přístroje. Jste připraveni udržet kolo v chodu společně? Pak hledáme právě vás!</p>
<h4>Co si přejeme:</h4>
<ul>
<li>Jste specialista (m/ž/d) v oboru vnitřního lékařství a ideálně máte další kvalifikaci v gastroenterologii, paliativní medicíně nebo geriatrii.</li>
<li>Baví vás školit a rozvíjet zaměstnance</li>
<li>Máte týmový přístup k práci a dobré komunikační schopnosti.</li>
</ul>
<h4>Vaše úkoly:</h4>
<ul>
<li>Převzetí funkce zástupce vedoucího lékaře na oddělení všeobecného interního lékařství</li>
<li>Zajištění vysoce kvalitní lékařské péče ve spolupráci s dalšími odbornými odděleními.</li>
<li>Endoskopická diagnostika</li>
<li>Dohled a další vzdělávání asistentů lékaře</li>
</ul>
<h4>To je to, co vám nabízíme:</h4>
<ul>
<li>Zodpovědná práce s dobrými pracovními podmínkami ve vysoce kvalifikovaném týmu lékařů, ošetřovatelů a funkčního personálu.</li>
<li>důkladný úvodní program v přátelské a kolegiální atmosféře.</li>
<li>Klinika vám poskytne maximální možnou podporu, pokud jde o možnosti dalšího vzdělávání a odborné přípravy, sladění pracovního a soukromého života a hledání ubytování.</li>
<li>31 dní dovolené ročně a 10 dní placené dovolené na školení ročně.</li>
</ul>
<p>Líbí se vám to? Pak se přihlaste nyní!</p>
<p><strong>Kontakt:</strong></p>
<p>Centralizovaná správa žadatelů<br />
Arberland Clinic Viechtach<br />
Karl-Gareis-Str. 31<br />
94234 Viechtach<br />
Telefon: +49 9942 20-129<br />
e-mail: <a class="mail" title="Otevře interní odkaz v aktuálním okně" href="https://www.arberlandkliniken.de/beruf-karriere/offene-stellen#" data-mailto-vector="-2" data-mailto-token="kygjrm8zcucpzsleclYypzcpjylbijglgicl,bc">bewerbungen@arberlandkliniken.de</a></p>
